= z + -725. Suppose 16*s - p = 10*s. Calculate the highest common factor of 26 and s.
13
Let n = -8928 - -8931. Calculate the greatest common factor of n and 3672.
3
Let y(k) = 2*k**2 - 47*k - 9. Let j be y(26). Let w be j + 20/(-12)*-3. What is the greatest common divisor of 7 and w?
7
Suppose 4*x - 35 = -x. Let u(s) = -s**3 + 7*s**2 + s + 2. Let v be u(x). Let z = 18549 + -18522. What is the highest common factor of v and z?
9
Suppose -n = -0*n - 122. Let a(g) = 184*g**2 - 111*g - 112. Let c be a(-1). What is the greatest common factor of n and c?
61
Suppose 4*h + 5*u - 750 = 358, h - 264 = 2*u. What is the highest common factor of h and 459?
17
Let u = 51 - -107. Suppose 153*j + 25 = u*j. Suppose -5*i + 30 = 5*y, 4*y = 3*i - 6 - j. Calculate the highest common factor of 20 and i.
5
Suppose 5*v - 3*i = 29 + 114, -3 = 3*i. What is the greatest common divisor of v and 231?
7
Let u be 1 + ((-70)/105)/((-2)/23748). Calculate the highest common factor of u and 58.
29
Suppose 7*h + 20237 = 56*h. Let g = -273 + h. Calculate the highest common factor of 40 and g.
20
Let i = 13232 - 12407. Calculate the highest common divisor of 2145 and i.
165
Suppose -283*f + 286*f = 342. What is the greatest common divisor of f and 2394?
114
Suppose 4*j = 8*j - 4, -5*m + j + 339 = 0. Let b = 126 - -61. Suppose b = -20*g + 31*g. What is the highest common divisor of g and m?
17
Let g = -31517 + 31622. Suppose 5*i = 5*n + 65, 5*i + 0*n - 69 = 3*n. Calculate the highest common divisor of g and i.
15
Let k = -505 - -508. Let w be 112 + (1 - k)*200/80. What is the highest common divisor of w and 428?
107
Let g = -296 - -428. Let t = 771 + -771. Suppose t = s - 4, s = -4*i + g. Calculate the highest common divisor of 40 and i.
8
Let k be ((-5)/(20/8))/(8/20). Let m be k + 5 - 192/(-1 + -2). Calculate the highest common factor of 48 and m.
16
Let b(s) = -40*s + 1529. Let z be b(38). Calculate the greatest common divisor of 153 and z.
9
Suppose -149*d = -570*d + 1684. Let t = 45 - 25. What is the highest common divisor of t and d?
4
Let h = 6960 - 6957. Calculate the greatest common divisor of h and 13.
1
Let o(y) = -y**3 - 26*y**2 - 174*y - 71. Let w be o(-11). Suppose 3*k - 83 = -5*z, -3*z = -2*k - 2*k + 72. Calculate the highest common divisor of w and k.
7
Let y = 12308 + -12288. Calculate the highest common divisor of 1790 and y.
10
Suppose -2*j = -5*a - 962, 5*j = -20 - 0. Let f = a - -479. Calculate the greatest common factor of f and 15.
15
Let g(m) be the third derivative of 7*m**4/8 - 22*m**3/3 - m**2 + 5. Let a be g(11). Calculate the highest common divisor of a and 68.
17
Let g = -20658 - -20683. Suppose -2*v = -7*v + 250. What is the greatest common factor of g and v?
25
Let f(j) = 569*j - 1709. Let k be f(4). Calculate the greatest common factor of k and 42.
21
Let m be 27*6/9 + 4. Let c = 378 + m. Suppose 0 = 2*r + r - 5*h - c, 0 = -4*r + 2*h + 510. What is the greatest common divisor of r and 50?
25
Let d(x) = 4*x**3 + 7*x**2 + 5*x + 64. Let s be d(10). Calculate the greatest common factor of 166 and s.
166
Suppose -5*m + 153 = -4*m. Suppose -m = -d - 29. Suppose 28 = 8*x - d. Calculate the highest common factor of x and 152.
19
Let o be 75/10*12/(-9). Let r(s) = 18*s**2 - 17*s**2 + 2 - 2*s + 14. Let w be r(o). Calculate the highest common divisor of w and 17.
17
Suppose 3*t - 635 = d, -5*d + 718 = 3*t + 95. Let n = -134 + t. Calculate the greatest common divisor of n and 44.
11
Let r(t) = 199*t - 1651. Let n be r(16). What is the highest common factor of 126 and n?
21
Let n(v) = v**3 + 18*v**2 + 17*v + 38. Let f(r) = -5*r + 43. Let i = 14 + -2. Let c be f(i). Let l be n(c). Calculate the greatest common factor of l and 114.
38
Let v = 13588 - 13345. What is the greatest common divisor of v and 531?
9
Let u = 142 - 130. Suppose 11*d = 5*d + u. Suppose d*n + 16 = 66. What is the greatest common divisor of n and 225?
25
Let u = 1386 - 1371. Suppose 3 = t - 2. Calculate the highest common factor of u and t.
5
Let g be (3 - (-5)/(-2))*0. Suppose g = 4*d + 8 - 0. Let l be (84/9)/((-2)/12*d). Calculate the greatest common factor of 7 and l.
7
Suppose -13 = 3*y - 2*y. Let c = y - -20. Suppose -4*k = -4*i - 32 - 0, i = -2*k + c. What is the highest common factor of k and 5?
5
Suppose 68*j - 540 = 66*j. Calculate the greatest common factor of 120 and j.
30
Let q(i) = i**2 - 11. Let r be q(4). Let f be (-2)/(-2 - 3/r - -3). Let s be 199/5 - (26/f - -5). What is the greatest common divisor of 440 and s?
40
Suppose 8*r + 11920 - 14259 = 23701. Calculate the greatest common divisor of 126 and r.
21
Let u(z) = 16*z**3 + z**2 - 2*z + 1. Let v be u(1). Let n(k) = -2112*k - 23 - 40 + 2105*k. Let l be n(-17). Calculate the highest common factor of v and l.
8
Suppose 8 - 3 = h. Suppose 3*n = h*n - 50. Let c = n - 19. Calculate the greatest common divisor of c and 48.
6
Suppose 16 = 2*x - 14. Let u = -23 - -28. Suppose -u*c = -241 + 91. Calculate the greatest common factor of c and x.
15
Suppose -12 = 17*x - 97. Suppose 150 = -i + 7*i. Suppose 3*g - g = -a + i, x*a + 2*g - 165 = 0. What is the highest common factor of 7 and a?
7
Let c = 254800 - 254440. Let p be (-2)/6 - 136/(-3). What is the greatest common divisor of c and p?
45
Suppose -36*g + 31*g = -140. Suppose 10*s + 5040 = g*s. Calculate the highest common divisor of 35 and s.
35
Let n = 6943 - 6903. What is the highest common factor of n and 1670?
10
Let r(h) = -43 - 39 - 66 + 36 - 3*h. Let s(y) = -2*y - 75. Let z(n) = -5*r(n) + 7*s(n). Let u be z(-17). Calculate the greatest common factor of u and 90.
18
Suppose 52 = -642*y + 644*y. Let i be (109 + -9 + -10)*y/3. Calculate the highest common divisor of i and 15.
15
Let j(m) be the second derivative of 0 + 40*m**2 - 11*m + 1/6*m**4 + 1/6*m**3. Let i be j(0). What is the highest common divisor of 120 and i?
40
Suppose 2*v - 36 = -0*t + 5*t, -2*t = v. Suppose -v*d - 11 = -59. Suppose w + 50 = d*w. What is the highest common divisor of 5 and w?
5
Suppose 188*k - 144 = 182*k. Suppose -k*r + 3318 = 150. What is the highest common factor of r and 352?
44
Let i(f) = f**2 + f - 1. Let l be i(2). Let j be (52/(-8) + l)*496/(-6). Calculate the greatest common divisor of 31 and j.
31
Let u(p) = 4*p**2 + 24*p - 102. Let b be u(4). What is the greatest common divisor of 6380 and b?
58
Let b(f) = -f**3 - 28*f**2 + 59*f - 28. Let w be b(-30). Suppose w*j - 202 = -2*k, -2*j - 2*k + 209 = -7*k. What is the highest common divisor of 867 and j?
51
Suppose 540*y - 584*y + 4928 = 0. Calculate the greatest common factor of 315 and y.
7
Suppose 6*a - 830 = 3*a + 70. Calculate the highest common divisor of a and 800.
100
Let w be -1*(133/(-28) + 1/(-4)). Suppose -119 = -5*j - 3*i, j - 5 = -w*i + 32. Calculate the greatest common factor of j and 4.
2
Let l(i) = i**3 + 48*i**2 + 52*i - 590. Let v be l(-46). What is the greatest common divisor of v and 50?
50
Let v be (8/7)/(4/14). Suppose 42 = -3*l + 5*h - 9, -v*l = 5*h + 33. Let a be (84/10)/(l/(-60)). Calculate the highest common divisor of 63 and a.
21
Let x = 43 - 31. Suppose 2*y + 400 = x*y. Calculate the highest common factor of y and 16.
8
Let f be (-454)/(-38) + 569/10811. Suppose 3*t + 96 = 2*n, -2*n + 2*t - 7*t = -64. Calculate the greatest common factor of f and n.
6
Let y = 323 - 160. Let w = y - 47. Calculate the greatest common factor of w and 29.
29
Let z be 2/8 + (469/28 - 11). Let h be (-177)/(-6) - (0 - (-4)/(-8)). What is the greatest common factor of h and z?
6
Suppose -5*i = -20, -208*i = -3*t - 207*i + 56. Calculate the greatest common factor of 13320 and t.
20
Suppose -n = -v - 1, -2*v + 7 = 5*n + 37. Let q be n/(-22) + (-119)/(-11) + 0. Suppose -13 = -3*j + q. What is the greatest common divisor of 28 and j?
4
Let k(u) = u**3 + 9*u**2 + 2*u + 22. Let f be k(-9). Suppose -39 + 3 = f*m. Let h(j) = -7*j + 2. Let t be h(m). Calculate the highest common factor of t and 26.
13
Let y be (-2)/3*((-4)/(-2) + 7). Let n be 8396/200*4 + y/(-75). Calculate the greatest common divisor of n and 21.
21
Let z(l) = -2*l**2 - 35*l - 33. Let h be z(-13). Let f be 44680/h - (-10)/105. What is the greatest common divisor of f and 28?
28
Suppose -1552*n + 1535*n = -12852. Calculate the highest common divisor of 8 and n.
4
Let r = -27 + 